4 and c.
6
Suppose 4*t = -0*t. Suppose 3 = 3*k - t. Let q be 10 + k/(-3)*-3. What is the highest common factor of q and 77?
11
Let a be (6 - 8) + 8 + 58. Calculate the highest common divisor of 544 and a.
32
Let m = 32 - 30. Suppose 3*a + 72 = -m*r + 5*r, 0 = -2*r + 3*a + 51. What is the greatest common divisor of 84 and r?
21
Let k = 1 - -12. Suppose 3*u - u + 172 = 2*y, -5*u - 66 = -y. What is the greatest common factor of k and y?
13
Let i(x) = x**2 + 4*x - 4. Let y be i(-9). Suppose 4*a + v = y, 2*a - 4*a + 43 = 5*v. What is the highest common divisor of a and 27?
9
Let i be -6 + (-6)/(-24)*88 + (-6 - -2). Let q be (-10)/(-1)*24/5. What is the greatest common factor of q and i?
12
Suppose -166 = -5*i - 4*d, 34 = i + 3*d - 2*d. Let v = i - 141. Let g = 168 + v. What is the greatest common divisor of 38 and g?
19
Let o(p) = 2*p**3 - 2*p**2 - 1. Let c be o(2). Suppose c*m + 8 = 9*m. Suppose 0 = 5*f - 2*f - 30. Calculate the greatest common factor of m and f.
2
Let a = 120 + -81. Suppose 0 = -926*n + 791*n + 1755. Calculate the greatest common factor of a and n.
13
Let n be (-1400)/(-154) - (-1)/(-11). What is the greatest common factor of n and 6?
3
Let n be 9/27 - (-372)/(-9). Let z = n + 42. What is the highest common factor of 5 and z?
1
Let m(g) = g**3 + 26*g**2 + 25*g + 4. Let y be m(-25). What is the greatest common divisor of y and 31?
1
Suppose 0 = -4*k - 88 + 128. Calculate the greatest common factor of k and 18.
2
Let x(f) be the first derivative of f**2/2 + 3. Let a be x(4). Suppose 0 = -z + a*z + 3*k - 24, 0 = -4*k - 12. Calculate the highest common factor of z and 77.
11
Let b be (22/(-5))/(10/(-50)). What is the highest common factor of 110 and b?
22
Let l be (-1 + 0)/(5/395). Let v be (3 - 4 - l) + -1. Let t = 7 + v. What is the highest common divisor of t and 12?
12
Let g be (-9 + 10)/((-1)/(-108)). Let b(j) = 2*j**3 - j. Let o be b(1). Suppose -o = -2*h + 23. What is the greatest common divisor of h and g?
12
Let w(c) = 27*c**2 + 25*c - 8. Let a be w(5). Calculate the greatest common divisor of a and 176.
88
Let a = 14 - -2. Suppose -5*o = -3*y - 49, -2*o = -4*y + y - a. Suppose g + 4*g + 332 = 4*i, 5*g - 108 = -i. What is the highest common factor of o and i?
11
Let l(y) = y**3 + 8*y**2 + 2*y + 4. Let x be l(-5). Calculate the highest common divisor of 15 and x.
3
Let n = -2 - -11. Suppose -z = n*z - 180. Suppose 74 = 3*j - 3*k - 13, -5*j = 3*k - 129. Calculate the greatest common factor of j and z.
9
Suppose 10 = -7*y + 8*y. Suppose 5*h = y, -153 = -0*g - 5*g + h. Calculate the highest common divisor of g and 93.
31
Let d(g) = -160*g - 3. Let h be d(-2). Suppose -3*r + h = r + 3*k, -5*r + 4*k + 373 = 0. Let y be 1*-3*55/(-15). What is the greatest common factor of y and r?
11
Let o(z) = -z**2 - 8*z - 4. Let w be o(-7). Suppose 0 = 5*h - w*i - 330, -168 - 30 = -3*h - 5*i. What is the greatest common divisor of 11 and h?
11
Let p(c) = -5 + 36*c**3 + 10 - 32*c**3 + 3*c. Let s be p(5). Suppose 2*o + s = 5*a, -a + 2*o - o + 104 = 0. Calculate the highest common factor of a and 26.
26
Let v(x) = 6 - 2 + 6 - 4 + 3*x. Let s be v(-4). Let z = 20 + s. What is the greatest common factor of 98 and z?
14
Let u(q) = q + 6. Let g be u(-5). Let l(p) = g - p + 3*p + 8*p - 4*p. Let v be l(4). Calculate the greatest common divisor of 100 and v.
25
Let o = -236 + 474. Calculate the greatest common divisor of 35 and o.
7
Suppose b = 5*n + 5*b - 107, 0 = 4*n + b - 90. What is the highest common divisor of n and 1?
1
Let k be (-1 + 2)/((-3)/21). Let a(g) = -g**2 - 8*g - 4. Let x be a(k). Suppose x = n - 0. Calculate the highest common factor of 6 and n.
3
Let q be ((-4)/6)/(6/144) - 3. Let c = -3 - q. Suppose -3*n + 25 - 1 = 0. Calculate the greatest common factor of n and c.
8
Let g = 22 - 68. Let v = g + 73. Suppose 5*m - 98 = -8. Calculate the greatest common factor of m and v.
9
Let r be -2*((-30)/8 - 1/(-4)). Suppose 0 = -r*z - z + 48. Let p be ((-48)/14)/((-2)/14). What is the highest common factor of z and p?
6
Suppose -q = 4*q - 15. Let i be (-1)/((-4)/(-8)) + 79. Let d = i + -44. Calculate the greatest common factor of d and q.
3
Let u(k) = k**2 - 15*k + 21. Let l be u(13). Let f be (3/2)/(6*l/(-640)). What is the greatest common factor of 4 and f?
4
Suppose -2444 = -73*h + 26*h. Calculate the highest common factor of h and 12.
4
Let a(x) = x**2 + x. Let v be a(-7). Calculate the greatest common divisor of 168 and v.
42
Let b(s) = -2*s - 15. Let k be b(-10). Suppose -k*w - 62 = -647. Let u be (8/2)/(18/w). Calculate the greatest common factor of u and 65.
13
Let c = 3 - 8. Let l(s) = 2*s**2 + 9*s - 4. Let o be l(c). What is the highest common divisor of o and 3?
1
Suppose -2*w = -2*n - 0*n - 104, 4*n = w - 196. Let i = -94 - n. Let v = 145 + i. Calculate the greatest common divisor of v and 11.
11
Let a = 293 - 45. What is the highest common factor of a and 8?
8
Let g be 22/(-11) + 22 + -2. Calculate the greatest common divisor of g and 639.
9
Let u be 333/4 + (-36)/(-48). What is the greatest common factor of u and 108?
12
Let n(f) = -f**2 + 10*f - 13. Let y be n(3). Suppose -252 = -y*u + 6*u. Let k(w) = -7*w. Let c be k(-2). Calculate the highest common divisor of u and c.
14
Suppose -2245 = -5*w + 5*l, -2*w + 56 = 2*l - 850. What is the highest common divisor of w and 41?
41
Let w = 166 - 158. What is the highest common factor of 6 and w?
2
Let q be 3/(((-36)/(-20))/3) - -23. What is the highest common divisor of q and 252?
28
Let a(z) = 39*z - 82. Let c be a(13). Calculate the greatest common divisor of 25 and c.
25
Let t(f) be the first derivative of -f**4/4 + 8*f**3/3 + 13*f**2/2 + 4*f + 18. Let r be t(9). Calculate the greatest common divisor of r and 10.
10
Let h be 16/48 + (-683)/(-3). What is the greatest common divisor of 12 and h?
12
Let i = 219 - 177. Calculate the greatest common factor of i and 70.
14
Let w be 465/6*(129/15 - 7). What is the highest common factor of 93 and w?
31
Let r = -358 - -370. Calculate the highest common factor of r and 96.
12
Suppose -4*k = -9*k - 5*d + 40, -3*k = 2*d - 21. Suppose -4*x = 3*i - 114, 0*x - k*i = -4*x + 98. Let j = x - 3. What is the greatest common factor of 8 and j?
8
Suppose -3*i + 37 = -95. What is the greatest common divisor of 88 and i?
44
Suppose -4*u + 190 = -5*z, 0*z - 2*z = -u + 46. Let i(n) = -n**3 - 9*n**2 + 7*n - 10. Let p be i(-10). What is the greatest common divisor of p and u?
10
Let y(t) = t**3 - 12*t**2 - 19*t - 8. Let u be y(14). Suppose -h = 4*w - 275 - 202, -w = -h - u. What is the highest common factor of w and 17?
17
Let h be (84/7)/((-9)/(-276)). Calculate the greatest common factor of h and 92.
92
Let b(m) = 6*m**2 - 4. Let a be b(-2). Let g(f) = -f**2 + 6*f - 1. Let v be g(5). What is the highest common factor of a and v?
4
Let l = 86 - 54. Suppose 210 = l*s - 29*s. What is the highest common factor of 10 and s?
10
Suppose -132 = -5*s + 11*s. Let t = s - -44. Calculate the highest common factor of 33 and t.
11
Suppose -5*n + 2*t + 4 = -3*n, -4*n - 4*t + 8 = 0. Let a be ((-21)/(-14))/(1/n). Suppose -8*s + a*s = -30. What is the greatest common factor of s and 18?
6
Let d(z) = z**3 - 12*z**2 - 30*z + 29. Let x be d(14). Calculate the greatest common factor of x and 79.
1
Suppose -34 = -4*r - 5*v + 6, 0 = r + 5*v - 25. Let q = r + 5. Calculate the greatest common factor of 40 and q.
10
Let y = -12 - -14. Suppose 0 = -4*p + 8, 6*w - 6 = y*w - p. Suppose 6 = t + w. What is the greatest common factor of 10 and t?
5
Suppose -15 = 38*b - 41*b. Suppose -5*t = -b*f - 15, f + 2*f - 21 = -3*t. What is the greatest common factor of 14 and f?
2
Let t = 15 - 11. Let w(x) = -6*x**3 + 25*x**2 - 6*x + 9. Let b be w(4). Calculate the greatest common factor of b and t.
1
Suppose 2*y - 29 - 278 = 5*n, -2*y - 4*n = -316. What is the greatest common divisor of 52 and y?
52
Let q(z) = -3*z**3 - 4*z**2 + 10*z + 52. Let p be q(-4). Calculate the greatest common factor of 35 and p.
35
Suppose g - n - 22 = 0, -4*g + 88 = -n - 0*n. What is the highest common divisor of 11 and g?
11
Suppose 0*j - 4*j = -176. Let a be 10/8 + 2175/20. What is the greatest common divisor of j and a?
22
Let a = -28 + 14. Let b = a + 23. Suppose -w + 18 = 2*w. Calculate the greatest common factor of w a